{"id":151,"date":"2026-02-06T23:02:42","date_gmt":"2026-02-06T22:02:42","guid":{"rendered":"http:\/\/vphuwvq.cluster027.hosting.ovh.net\/?page_id=151"},"modified":"2026-02-06T23:23:21","modified_gmt":"2026-02-06T22:23:21","slug":"regulamin","status":"publish","type":"page","link":"https:\/\/kamilwywrot.com\/regulamin\/","title":{"rendered":"Regulamin"},"content":{"rendered":"\n<p><strong>Regulamin \u015bwiadczenia us\u0142ug w gabinecie lekarskim<\/strong><\/p>\n\n\n\n<p><strong>\u00a7 1. Postanowienia og\u00f3lne&nbsp;<\/strong><\/p>\n\n\n\n<p>1. Niniejszy Regulamin \u015bwiadczenia us\u0142ug w gabinetach lekarskich po\u0142o\u017conych przy ul. Lisi\u0144skiego 2 w Jaros\u0142awiu oraz ul. Hoffmanowej 19 w Rzeszowie, okre\u015bla zakres oraz warunki umawiania, zmiany i rezerwacji terminu konsultacji lekarskiej.<\/p>\n\n\n\n<p>2. Definicje:<\/p>\n\n\n\n<ol class=\"wp-block-list\">\n<li>Cennik \u2013 cennik Us\u0142ug, udost\u0119pniany Pacjentowi na Stronie internetowej Us\u0142ugodawcy.<\/li>\n\n\n\n<li>Pacjent \u2013 osoba fizyczna, kt\u00f3ry korzysta z us\u0142ug \u015bwiadczonych przez Us\u0142ugodawc\u0119.<\/li>\n\n\n\n<li>Regulamin \u2013 niniejszy regulamin udost\u0119pniony nieodp\u0142atnie na stronie&nbsp;<a href=\"http:\/\/kamilwywrot.com\/\" target=\"_blank\" rel=\"noreferrer noopener\">http:\/\/kamilwywrot.com<\/a>&nbsp;w formie, kt\u00f3ra umo\u017cliwia jego pobranie, utrwalenie i wydrukowanie, tak aby umo\u017cliwi\u0107 swobodne zapoznawanie si\u0119 z postanowieniami Regulaminu.<\/li>\n\n\n\n<li>Strona internetowa \u2013 strona Us\u0142ugodawcy, dost\u0119pna pod adresem oraz&nbsp;<a href=\"http:\/\/kamilwywrot.com\/\" target=\"_blank\" rel=\"noreferrer noopener\">http:\/\/kamilwywrot.com<\/a>.<\/li>\n\n\n\n<li>Us\u0142uga \u2013 us\u0142uga \u015bwiadczona przez Us\u0142ugodawc\u0119 w gabinecie lekarskim.<\/li>\n\n\n\n<li>Us\u0142ugodawca &#8211; Specjalistyczny Psychiatryczny Gabinet Lekarski lek. Kamil Wywr\u00f3t, ul. Po\u0142udniowa 146, 37-514 Munina<\/li>\n<\/ol>\n\n\n\n<p>3. Aby m\u00f3c korzysta\u0107 z Us\u0142ugi, nale\u017cy zapozna\u0107 si\u0119 dok\u0142adnie z tre\u015bci\u0105 Regulaminu oraz zaakceptowa\u0107 jego warunki. Brak akceptacji warunk\u00f3w Regulaminu uniemo\u017cliwia korzystanie z Us\u0142ugi.<\/p>\n\n\n\n<p><strong>\u00a7 2. Spos\u00f3b korzystania ze \u015bwiadczonych us\u0142ug i op\u0142aty&nbsp;<\/strong><\/p>\n\n\n\n<p>1. Wizyt\u0119 mo\u017cna um\u00f3wi\u0107 telefonicznie dzwoni\u0105c na numer 573 373 787, b\u0105d\u017a bezpo\u015brednio w gabinecie lekarskim.<\/p>\n\n\n\n<p>2. Pacjent rezerwuj\u0105cy wizyt\u0119 zobowi\u0105zany jest:&nbsp;<\/p>\n\n\n\n<ol class=\"wp-block-list\">\n<li>Poda\u0107 wymagane dane: imi\u0119, nazwisko, adres zamieszkania, numer pesel, numer telefonu, opcjonalnie adres e-mail.&nbsp;<\/li>\n\n\n\n<li>Podanie danych przez Pacjenta jest r\u00f3wnoznaczne ze z\u0142o\u017ceniem o\u015bwiadczenia o zgodno\u015bci z prawd\u0105 wszelkich danych udost\u0119pnionych Us\u0142ugobiorcy oraz posiadaniu pe\u0142nej zdolno\u015b\u0107 do czynno\u015bci prawnych, lub w przypadku jej ograniczenia posiadaniu niezb\u0119dnej zgody opiekuna prawnego.<\/li>\n\n\n\n<li>W przypadku wizyty diagnostycznej warunkiem dokonania rezerwacji terminu wizyty jest uiszczenie przedp\u0142aty w formie zaliczki w wysoko\u015bci 100% ceny wizyty wynikaj\u0105cej z Cennika. Przedp\u0142at\u0119 uwa\u017ca si\u0119 za dokonan\u0105 po jej zaksi\u0119gowaniu na rachunku bankowym Us\u0142ugodawcy.&nbsp;<\/li>\n\n\n\n<li>W razie braku uiszczenia przedp\u0142aty w terminie 3 dni roboczych od um\u00f3wienia wizyty lub niezw\u0142ocznie w przypadku rezerwacji terminu w czasie kr\u00f3tszym ni\u017c 24 godziny do wybranego terminu wizyty, termin uznaje si\u0119 za nierezerwowany i dost\u0119pny dla pozosta\u0142ych potencjalnych pacjent\u00f3w.&nbsp;<\/li>\n\n\n\n<li>Przedp\u0142at\u0119 mo\u017cna ui\u015bci\u0107 przelewem bankowym na rachunek bankowy Us\u0142ugodawcy: IPL lek. Kamil Wywr\u00f3t ul. Po\u0142udniowa 146, 37-514 Munina. Numer konta: 86 1160 2202 0000 0003 5751 9431. W tytule przelewu podaj\u0105c imi\u0119 i nazwisko Pacjenta.<\/li>\n<\/ol>\n\n\n\n<p>3. Pacjent otrzymuje przypomnienie o wizycie dwa dni wcze\u015bniej w formie SMS. Nieotrzymanie SMS nie oznacza, \u017ce wizyta si\u0119 nie odb\u0119dzie.<\/p>\n\n\n\n<p>4. Cennik \u015bwiadczonych us\u0142ug dost\u0119pny jest na stronie internetowej&nbsp;<a href=\"http:\/\/kamilwywrot.com\/\" target=\"_blank\" rel=\"noreferrer noopener\">http:\/\/kamilwywrot.com<\/a>.<\/p>\n\n\n\n<p><strong>\u00a7 3. Odwo\u0142anie lub zmiana terminu wizyty&nbsp;<\/strong><\/p>\n\n\n\n<ol class=\"wp-block-list\">\n<li>Odwo\u0142anie lub zmiana terminu wizyty kontrolnej mo\u017cliwe s\u0105 najp\u00f3\u017aniej 24 godziny przed planowanym terminem wizyty (w godzinach pracy rejestracji).<\/li>\n\n\n\n<li>Odwo\u0142anie lub zmiana terminu wizyty diagnostycznej (pierwszorazowej) mo\u017cliwe s\u0105 najp\u00f3\u017aniej 72 godziny przed ustalonym terminem wizyty (w godzinach pracy rejestracji).<\/li>\n\n\n\n<li>W przypadku braku stawiennictwa na um\u00f3wionej wizycie oraz braku jej odwo\u0142ania w przewidzianym terminie&nbsp;uiszczona przedp\u0142ata nie podlega zwrotowi&nbsp;a w przypadku jej braku pacjent zobowi\u0105zany jest do uiszczenia op\u0142aty za wizyt\u0119, zgodnie z obowi\u0105zuj\u0105cym cennikiem.<\/li>\n\n\n\n<li>Odwo\u0142anie lub zmiana zarezerwowanego terminu wizyty mo\u017cliwa jest wy\u0142\u0105cznie&nbsp;telefonicznie pod numerem: 573 373 787 (w godzinach pracy rejestracji) lub&nbsp;osobi\u015bcie w gabinecie.&nbsp;Us\u0142ugodawca nie przewiduje mo\u017cliwo\u015bci odwo\u0142ania lub zmiany wizyty za po\u015brednictwem innych form kontaktu (np. sms, e-mail, media spo\u0142eczno\u015bciowe, komunikatory, serwis Znany Lekarz).<\/li>\n\n\n\n<li>Rejestracja pracuje od poniedzia\u0142ku do pi\u0105tku w godzinach 18:00\u201320:00. W zwi\u0105zku z tym:\n<ol class=\"wp-block-list\">\n<li>wizyty zaplanowane na poniedzia\u0142ek lub wtorek nale\u017cy odwo\u0142a\u0107 najp\u00f3\u017aniej w pi\u0105tek do godziny 20:00,<\/li>\n\n\n\n<li>wizyty zaplanowane na \u015brod\u0119 nale\u017cy odwo\u0142a\u0107 najp\u00f3\u017aniej w poniedzia\u0142ek do godziny 20:00,<\/li>\n\n\n\n<li>wizyty zaplanowane na czwartek nale\u017cy odwo\u0142a\u0107 najp\u00f3\u017aniej we wtorek do godziny 20:00,<\/li>\n\n\n\n<li>wizyty zaplanowane na pi\u0105tek nale\u017cy odwo\u0142a\u0107 najp\u00f3\u017aniej w \u015brod\u0119 do godziny 20:00.<\/li>\n<\/ol>\n<\/li>\n\n\n\n<li>Brak stawiennictwa na um\u00f3wionej wizycie lub brak odwo\u0142ania we wskazanym terminie skutkuje przepadkiem przedp\u0142aty. Przedp\u0142ata nie podlega zwrotowi niezale\u017cnie od przyczyny.&nbsp;<\/li>\n\n\n\n<li>Sp\u00f3\u017anienie si\u0119 Pacjenta na zarezerwowany termin wizyty w przypadku jej odbycia skutkuje jej skr\u00f3ceniem o czas sp\u00f3\u017anienia, przy czym op\u0142ata pozostaje bez zmian. W razie sp\u00f3\u017anienia przekraczaj\u0105cego po\u0142ow\u0119 planowanego czasu trwania wizyty Us\u0142ugodawca uprawniony jest do anulowania rezerwacji terminu wizyty, co skutkuje przepadkiem przedp\u0142aty a w przypadku jej braku skutkuje konieczno\u015bci\u0105 uiszczenia op\u0142aty za wizyt\u0119. Przedp\u0142ata nie podlega zwrotowi niezale\u017cnie od przyczyny sp\u00f3\u017anienia.<\/li>\n\n\n\n<li>Us\u0142ugodawca zastrzega sobie prawo do odwo\u0142ania zarezerwowanego terminu wizyty najp\u00f3\u017aniej na godzin\u0119 przed terminem. W razie odwo\u0142ania Us\u0142ugodawca zaproponuje Pacjentowi nowy termin wizyty. W przypadku braku akceptacji nowego terminu wizyty lub niezaproponowania go Us\u0142ugodawca zwr\u00f3ci Pacjentowi ca\u0142o\u015b\u0107 uiszczonej przedp\u0142aty.&nbsp;<\/li>\n\n\n\n<li>Us\u0142ugodawca dokona zwrotu przedp\u0142aty w terminie 7 dni od dnia odwo\u0142ania zarezerwowanego terminu wizyty zgodnie z Regulaminem.&nbsp;<\/li>\n<\/ol>\n\n\n\n<p><strong>\u00a7 4. Postanowienia ko\u0144cowe&nbsp;<\/strong><\/p>\n\n\n\n<p>Niniejszy Regulamin obowi\u0105zuje od dnia 20.07.2022&nbsp;<\/p>\n\n\n\n<p>Us\u0142ugodawca zastrzega sobie prawo do dokonywania zmian Regulaminu bez wcze\u015bniejszego poinformowania.<\/p>\n\n\n\n<p>Wszelkie spory mi\u0119dzy Us\u0142ugodawc\u0105 a Pacjentem b\u0119d\u0105 rozstrzygane w spos\u00f3b polubowny.&nbsp;<\/p>\n\n\n\n<p>W przypadku nierozwi\u0105zania spor\u00f3w na drodze polubownej, mi\u0119dzy Us\u0142ugodawc\u0105, a Pacjentem, s\u0105dem w\u0142a\u015bciwym jest S\u0105d w\u0142a\u015bciwy miejscowo i rzeczowo dla miejsca siedziby Us\u0142ugodawcy.&nbsp;<\/p>\n\n\n\n<p>W sprawach nieuregulowanych niniejszym Regulaminem zastosowanie b\u0119d\u0105 mia\u0142y przepisy powszechnie obowi\u0105zuj\u0105cego prawa polskiego.&nbsp;<\/p>\n\n\n\n<p><\/p>\n","protected":false},"excerpt":{"rendered":"<p>Regulamin \u015bwiadczenia us\u0142ug w gabinecie lekarskim \u00a7 1. Postanowienia og\u00f3lne&nbsp; 1. Niniejszy Regulamin \u015bwiadczenia us\u0142ug w gabinetach lekarskich po\u0142o\u017conych przy ul. Lisi\u0144skiego 2 w Jaros\u0142awiu oraz ul. Hoffmanowej 19 w Rzeszowie, okre\u015bla zakres oraz warunki umawiania, zmiany i rezerwacji terminu konsultacji lekarskiej. 2. Definicje: 3. Aby m\u00f3c korzysta\u0107 z Us\u0142ugi, nale\u017cy zapozna\u0107 si\u0119 dok\u0142adnie z [&hellip;]<\/p>\n","protected":false},"author":1,"featured_media":0,"parent":0,"menu_order":0,"comment_status":"closed","ping_status":"closed","template":"","meta":{"footnotes":""},"class_list":["post-151","page","type-page","status-publish","hentry"],"_links":{"self":[{"href":"https:\/\/kamilwywrot.com\/index.php\/wp-json\/wp\/v2\/pages\/151","targetHints":{"allow":["GET"]}}],"collection":[{"href":"https:\/\/kamilwywrot.com\/index.php\/wp-json\/wp\/v2\/pages"}],"about":[{"href":"https:\/\/kamilwywrot.com\/index.php\/wp-json\/wp\/v2\/types\/page"}],"author":[{"embeddable":true,"href":"https:\/\/kamilwywrot.com\/index.php\/wp-json\/wp\/v2\/users\/1"}],"replies":[{"embeddable":true,"href":"https:\/\/kamilwywrot.com\/index.php\/wp-json\/wp\/v2\/comments?post=151"}],"version-history":[{"count":6,"href":"https:\/\/kamilwywrot.com\/index.php\/wp-json\/wp\/v2\/pages\/151\/revisions"}],"predecessor-version":[{"id":160,"href":"https:\/\/kamilwywrot.com\/index.php\/wp-json\/wp\/v2\/pages\/151\/revisions\/160"}],"wp:attachment":[{"href":"https:\/\/kamilwywrot.com\/index.php\/wp-json\/wp\/v2\/media?parent=151"}],"curies":[{"name":"wp","href":"https:\/\/api.w.org\/{rel}","templated":true}]}}